)?
3, 5
Suppose -18 = -b - 0*b - 2*m, 66 = 4*b + 5*m. What are the prime factors of (8 + 0)/(7/(245/b))?
2, 5
Let y be -2 - -1 - (-2)/2. Suppose y = 3*b + 13 - 19. What are the prime factors of (b/4)/((-8)/(-80))?
5
Let t(d) = -d**2 + 14*d - 14. Let a be t(12). Suppose 1044 + 606 = a*j. What are the prime factors of j?
3, 5, 11
Suppose 1980*k - 58734 = 1967*k. What are the prime factors of k?
2, 3, 251
Let d = 8532 - 5040. What are the prime factors of d?
2, 3, 97
Suppose 4*j = -3*r - 752, -2*j + 5*r - 199 - 203 = 0. Let b = j - -300. What are the prime factors of b?
109
Suppose -9*y + 21701 = -18655. What are the prime factors of y?
2, 19, 59
Suppose 9*z = 5*z + 3124. What are the prime factors of z?
11, 71
Suppose 5*w = 11*f - 9*f - 169, 0 = 3*f + 3*w - 285. Let z = 134 - 48. Suppose -4*a + f = -4*y, z = 7*a - 3*a - y. What are the prime factors of a?
3, 7
Suppose -2*o = -10, 2*l + 0*o + 2 = 2*o. Suppose l*f - 47 = 77. List the prime factors of f.
31
Suppose -715 - 7477 = -8*y. What are the prime factors of y?
2
Let f = -153 + 315. List the prime factors of f.
2, 3
Suppose 5*v + o = -127, 3*o - 27 = 3*v + 60. Let q(h) = -14*h - 91. List the prime factors of q(v).
3, 7, 13
List the prime factors of (12/16 - 1) + 2818/8.
2, 11
Suppose 2*f + 4*m - 1764 = 0, 2*f = 4*m + 2317 - 553. Suppose 12*u - 5*u - f = 0. What are the prime factors of u?
2, 3, 7
Let m be -12*((-55)/(-15) + -4). Suppose 0 = f - 2*t - 21, 2*t - 64 - 40 = -m*f. List the prime factors of f.
5
Let a(o) = o**2 - 6*o + 8. Let s be a(2). Suppose 3*h - 410 - 118 = s. List the prime factors of h.
2, 11
List the prime factors of (16/(-24))/(3/(57591/(-6))).
3, 79
Let k(c) = 4*c + 4*c - 15 - 3*c - c. List the prime factors of k(5).
5
Let s(b) be the first derivative of -3*b**2/2 + 2*b + 4. Let x be s(2). Let n = x - -15. List the prime factors of n.
11
Let d(h) = -h**2 + 14*h + 1. Let n be d(7). Let a = -12 + n. Suppose 0 = 2*u + u, 2*l - a = -4*u. What are the prime factors of l?
19
Let l(h) = -2*h + 3. Let b be l(-10). Let s(f) = f**3 + 4*f**2 - 3*f + 7. Let t be s(-5). Let v = b + t. List the prime factors of v.
2, 5
Let f be -2 + (-3)/(-6)*-2. Let j = f - -23. Let p = j + -2. What are the prime factors of p?
2, 3
Let a be (4/(-8))/(1/12). List the prime factors of (-8)/(-12) - 794/a.
7, 19
Let f(i) be the third derivative of -i**4/6 - i**3/2 + 4*i**2. List the prime factors of f(-2).
5
Let u(p) = -p**3 + 6*p**2 + 2*p - 4. Suppose -2*k - 18 = -3*k - 3*f, 4*k = 4*f + 8. Let h be u(k). Let x(w) = 3*w - 6. List the prime factors of x(h).
2, 3
Let u = -185 - -781. Suppose 0*w - u = -4*w. List the prime factors of w.
149
Let q(l) = 32*l + 10. Let t be q(-6). Let c = -89 - t. What are the prime factors of c?
3, 31
Let n(d) = d**3 + 5*d**2 + 4*d + 3. Let p be n(-3). Suppose p*t - 12 = 7*t. Suppose 7*x - 30 = t*x. What are the prime factors of x?
2, 3, 5
Suppose -3*j + 0 = -r - 3, -5*j + 4*r - 2 = 0. Let q be 5/(-10) - (-5)/j. Suppose -2*m = -3*m + q. What are the prime factors of m?
2
Let o = -463 + 1448. What are the prime factors of o?
5, 197
Let w(n) be the first derivative of n**4/4 + 5*n**3/3 - 5*n**2/2 - 4*n + 6. Suppose 18 = -3*j - m, 0 = j + 3*j - 4*m + 8. List the prime factors of w(j).
3, 7
Suppose -91 = 4*s + 325. Let f(d) = -d**3 - 14*d**2 + 5*d + 9. Let v be f(-14). Let w = v - s. What are the prime factors of w?
43
Let r(v) = v**2 + 2*v + 3. Let u be r(-2). Suppose -u*k + 225 = 2*k. Suppose -9*s = -4*s - k. List the prime factors of s.
3
Suppose -6685 = -5*l - 5*k, 3*k - 1935 = -2*l + 738. What are the prime factors of l?
2, 3, 223
Let u = 1542 - 659. What are the prime factors of u?
883
Let q = -362 - -686. What are the prime factors of q?
2, 3
Let u(d) = 2*d**3 - 25*d**2 + 12*d. Let a be u(12). Suppose a = -0*k + 2*k - 152. List the prime factors of k.
2, 19
Suppose 0 = -5*k + 6 + 14. Suppose -74 = -5*c - o, o - 58 = -k*c - o. Let r = c + -13. What are the prime factors of r?
2
Suppose -113 - 687 = -10*c. Suppose -2*l = -c + 14. What are the prime factors of l?
3, 11
Let c(u) = -3*u**3 + 5*u**2 + 9*u + 10. Let h be c(-5). Suppose h = 3*l - 72. List the prime factors of l.
179
Suppose 6 = o + o. Suppose -o*i - 61 = -256. Suppose -5*n + 110 = -i. What are the prime factors of n?
5, 7
Let p(k) = -k**2 - 4*k + 5. Let m be p(1). Suppose 135 = 2*n - 4*c + c, m = -4*n + 4*c + 264. What are the prime factors of n?
3, 7
Suppose -28200 = -78*j + 58*j. List the prime factors of j.
2, 3, 5, 47
Suppose -470*o = -481*o + 33737. List the prime factors of o.
3067
Suppose -180 = -3*a + 5*t, 24*a + t = 19*a + 328. List the prime factors of a.
5, 13
Let m(u) = 131*u + 206. What are the prime factors of m(11)?
3, 61
Let g(w) = w**3 + 10*w**2 + w + 5. Let b be g(-8). Suppose 2*u + 0*u = 4*f + 100, -2*u + b = f. List the prime factors of u.
2, 3, 5
Let l = 1995 - 984. List the prime factors of l.
3, 337
Suppose -132*c + 73796 = -113*c. What are the prime factors of c?
2, 971
Suppose 1023 = -51*r + 72372. What are the prime factors of r?
1399
Let g(u) = -u**3 + 5*u**2 + 8*u - 1. Let h be g(6). Suppose -6*r + 13 = -h. Suppose -j + 12 = r. What are the prime factors of j?
2
Let s(c) = 3 - 2 - 1 - c. Let u be s(8). What are the prime factors of -2*(-4)/u*-23?
23
Let p be -14*-3*(-4)/(-14). Suppose 0 = 16*y - p*y. Suppose -3*f - 8 = -4*g - 0*f, y = 2*g - 5*f + 10. What are the prime factors of g?
5
Suppose w - 2*v = -0*w - 3, 9 = -3*w - 5*v. What are the prime factors of ((-3)/w)/(-4*(-2)/104)?
13
Suppose -4*n + 13*n = 180. List the prime factors of n.
2, 5
Let m be ((-8)/10)/(2/10). What are the prime factors of ((-20)/3)/(m/6)?
2, 5
Let r = 1083 - 397. What are the prime factors of r?
2, 7
Let n be (8 + -9)/((-2)/4). Suppose n*w - 9 = v, 4*v + 16 = 4*w - 0*v. Suppose 0 = 5*i + l - 46, 2*l - 33 = -4*i + w*l. List the prime factors of i.
3
Let u be -3 + -2*99/(-6). What are the prime factors of 24/2*u/9?
2, 5
Suppose 57*c - 976 = 53*c. List the prime factors of c.
2, 61
Let s(c) = c**3 + 15*c**2 + 13*c - 10. Let p be s(-14). Suppose -r - 5*j = 2*r - 125, p*j + 116 = 3*r. List the prime factors of r.
2, 5
Let a = -125 - -127. Suppose 4*m + 2*g - 4*g = 240, -a*m = g - 120. What are the prime factors of m?
2, 3, 5
Suppose -1988 = -3*l + 5*t, 0 = l + 3*t + 124 - 782. What are the prime factors of l?
661
Suppose 4*z = -d + 3*d + 294, 4*d = 4. Suppose 2*n + 4*o - z = 0, 5*o = -3*n + 96 + 14. List the prime factors of n.
5, 7
Let k = -154 - -360. What are the prime factors of k?
2, 103
What are the prime factors of (-99)/15*7050/(-45)?
2, 11, 47
Suppose -3011 - 56421 = -46*w. What are the prime factors of w?
2, 17, 19
Let i(j) = j**2 + 10*j - 18. List the prime factors of i(8).
2, 3, 7
Suppose 0*g - 2*g - 2797 = -5*f, f - 545 = 4*g. Suppose 0 = -5*p + 4*q + f, -4*q - 226 = -2*p - 2*q. What are the prime factors of p?
109
Suppose -5*j + 4 = -b, 2*b - 4*j - 4 = -0. Suppose -6*h = 48 - 108. Suppose h*q - b*q = 128. List the prime factors of q.
2
Let s = 23 - 23. Suppose 5*x = 5*p - 6 - 19, -p - x + 3 = s. What are the prime factors of p?
2
Let y(a) = 634*a**2 + 2*a + 13. List the prime factors of y(-2).
5, 509
Suppose -2*v - t = 4, -4*t - 12 - 4 = 0. Suppose 0 = 3*p - 3*g - 12, -3*g + 4*g + 1 = v. What are the prime factors of p?
3
Let l = 12 - 26. Let z = 19 + l. Suppose -z*o + 29 = 2*q + 2*q, 5*o - 2*q = 23. What are the prime factors of o?
5
Suppose 2*c + 96 = -q, 4*q - 2 = c + 46. Let n = c - -93. List the prime factors of n.
3, 5
Suppose 174*y - 179*y = -2235. List the prime factors of y.
3, 149
Suppose y + 3*s = 0, 0*y - s = y - 8. Suppose l - y = 2. Let r = 25 + l. List the prime factors of r.
3, 13
Suppose 112*k - 1573 = 101*k. List the prime factors of k.
11, 13
Suppose -4*z - a + 2*a = -3715, 3*a = z - 937. What are the prime factors of z?
2, 29
Let u(n) be the first derivative of -n**2 + 21*n + 8. What are the prime factors of u(-19)?
59
Let b = -21 - -25. Suppose 2*z - b*d + 133 = 19, d = 3*z + 181. List the prime factors of (-1)/1 - (14 + z).
2, 23
Let o = 246 - -259. Suppose 9*r = o + 584. What are the prime factors of r?
11
Let i be ((-9)/3)/(12/(-80)). Let s = i - 39. Let x = -9 - s. What are the prime factors of x?
2, 5
Suppose -3*t + 1099 = 3*a - t, -3*a - t = -1097. Suppose -a = -5*f + 3